= d + k. What are the prime factors of t?
3
Suppose 4 = -7*z + 3*z. List the prime factors of (z - 0)*(-5 + -2).
7
Let k be 4/(-12) + (-218)/3. Let g = 51 + k. Let x = g + 39. List the prime factors of x.
17
Let b be (2/3)/(4/12). Suppose 4 = 3*h - b, 4*h - 96 = -4*g. List the prime factors of g.
2, 11
Let l be (-2)/((-8)/(-4)) - -5. What are the prime factors of l - (-5)/(15/6)?
2, 3
Suppose 166 + 442 = 8*u. What are the prime factors of u?
2, 19
Suppose v + 3*v - 4*s = 0, 0 = -v - 3*s + 16. Let g(y) = -y**3 + 7*y**2 - 3*y + 2. Let z be g(6). Suppose t + v*t = z. What are the prime factors of t?
2
Let y(q) = -q**3 + 4*q**2 + 5*q + 2. Let o be y(5). Suppose 1 + 1 = o*x. List the prime factors of 12 - (1 - x - -2).
2, 5
Let h(d) = -2*d + 6. Let o be h(-8). Let r = 39 - o. What are the prime factors of r?
17
Suppose 2*p - 762 + 3 = -5*b, 3*b - 3*p = 447. What are the prime factors of b?
151
Suppose 4*o - 2*o - 42 = 0. What are the prime factors of o?
3, 7
Let o(a) = -2*a. Let d be o(-3). Suppose -d*c = -9*c + 126. What are the prime factors of c?
2, 3, 7
Let s = 10 + -16. Let x = 8 + s. List the prime factors of (-2)/(-2) - (x + -6).
5
Let t(r) = r**2 - 5*r + 5. Let v be 10*(-2 + 10/4). Let j be t(v). Suppose -j*m - 40 = -5*f, 0*f + 12 = 2*f - m. What are the prime factors of f?
2
Suppose 6 + 0 = 3*s. Suppose 4*t = r + r + 6, 5*t = -s*r + 30. Suppose 2 = -r*f + 17. What are the prime factors of f?
3
Let l = -77 - -136. Let u = l + -33. What are the prime factors of u?
2, 13
Suppose -2*w + 36 = -5*r - 16, 0 = 5*w - 2*r - 130. Suppose 0 = 4*x + w + 30. List the prime factors of (1 + -3)*x/4.
7
Let r(c) = c**2 - 4*c + 10. List the prime factors of r(7).
31
Suppose -53 = -w - r, -5*r - 77 + 6 = -w. List the prime factors of w.
2, 7
Suppose -3584 = -5*d - 11*d. List the prime factors of d.
2, 7
Let n(y) = 4*y**2 - y + 18. List the prime factors of n(-7).
13, 17
Let p(j) = -j**3 + 6*j**2 - j + 2. What are the prime factors of p(5)?
2, 11
Let u = -64 - -112. What are the prime factors of u?
2, 3
Let g(b) = b**3 + 9*b**2 - b + 3. Let n be g(-9). Suppose -3*y + n = -60. What are the prime factors of y?
2, 3
Suppose 5*a + 3*g = 6, 2*a - 4*g + 2 = 20. Suppose 8 = x - a*k - 22, 4*k - 20 = -2*x. What are the prime factors of x?
2, 3
Suppose -5*i = -2*y + 5*y, 3*i + 5*y + 16 = 0. What are the prime factors of 3 + 30 + (i - 3)?
3, 11
Suppose 5 = 2*c - 1. Let t = 30 - 20. Suppose k + 4*o = c*k + 14, -5*k + t = -o. List the prime factors of k.
3
Let l = -6 + 8. What are the prime factors of 4*(-2)/l + 44?
2, 5
Let j = -24 + 12. Let q = 20 + j. List the prime factors of q.
2
Suppose -229 - 21 = -5*i. List the prime factors of i.
2, 5
Let b(t) = t**3 + 8*t**2 + 4*t - 5. Let g be b(-7). Let u = -6 + g. What are the prime factors of u?
2, 5
Let i = -13 - -19. Let p = 3 - 4. Let k = p + i. List the prime factors of k.
5
Suppose 4*o = -0*o - 24. List the prime factors of (-3)/(-2) - 81/o.
3, 5
Let f be (-2 - -6) + -2 - 8. Let z be (f/5)/(6/(-20)). Let b = z + -2. List the prime factors of b.
2
Let z(r) = r**2 - 4*r + 5. Let w be z(4). Suppose 0 = 4*y + w - 17. What are the prime factors of y?
3
Let q be 0 + (-3 - (-2 - 0)). Let i be (q - 4/(-2))*5. Suppose 0 = i*n - 20. List the prime factors of n.
2
Suppose 0*r + r = 493. Suppose 3*a = -4*z - r, -3*a + z - 488 = 6*z. What are the prime factors of 2/3*a/(-6)?
19
Let c(x) = -x + 6. Let t be c(6). Suppose t = -2*l - 0*l + 18. List the prime factors of l.
3
Suppose -5*b + 1240 = 430. What are the prime factors of b?
2, 3
Let w(r) = 7*r**3 - r. Let c be w(1). Let s(n) = 2*n + 4. List the prime factors of s(c).
2
What are the prime factors of (-166*(-4)/(-8))/(-1)?
83
Let w(m) = -m**2 + 4*m - 9. Let b be w(6). Let a = -10 - b. List the prime factors of a.
11
Let f be -2*(-1)/(-1)*-1. Suppose 3*z + f = -4. List the prime factors of (-10)/z - (-2)/(-2).
2
Let b(w) = w**3 + 7*w**2 + 5*w - 7. Let z be b(-5). What are the prime factors of 9/(-15) - z/(-5)?
3
Suppose 5*z - 25 + 5 = 0, 5*w + 3*z + 58 = 0. What are the prime factors of (-186)/w - (-4)/(-14)?
13
Let w = 50 - 30. List the prime factors of w.
2, 5
Let v = -4 - -54. Suppose -49 = -4*z + q, -2*z - 2*z + 2*q = -v. What are the prime factors of z?
2, 3
Let y(g) = 7*g**2 - 4. What are the prime factors of y(-3)?
59
Let m(r) = -6*r**2 - r - 1 + 7*r**2 + 1 - 1. List the prime factors of m(-2).
5
Let w(a) be the second derivative of -a**4/12 + 4*a**3/3 - a**2 + a. Let o be w(9). Let p = o - -15. What are the prime factors of p?
2
Suppose -2436 = -10*i - 926. List the prime factors of i.
151
Let q = -13 - -23. Suppose -4*b + q = 2. Suppose b = a - 8. What are the prime factors of a?
2, 5
Let i(w) = w**2 - 9*w + 1. List the prime factors of i(10).
11
Let v = -2 - 0. Let q(p) = p + 1. Let f be q(1). Let d = f - v. What are the prime factors of d?
2
Let i(x) = x**2 + 3*x - 7. Let m = -6 + 1. Let j(a) = a**2 + 6*a. Let b be j(m). List the prime factors of i(b).
3
Suppose -4*l = 3*b - 18, -b = 5*l - 0 - 6. Let r = -2 + b. Suppose u = 2*j - 6, 7*j - 2*j - 12 = r*u. What are the prime factors of u?
2
Let y = -6 + 117. List the prime factors of y.
3, 37
Let q(d) = -2*d - 3 + 5*d**3 - 4*d**3 - 3*d**2 - 2*d**3. Let n be q(-3). List the prime factors of (n/2)/(9/60).
2, 5
Let b be 5/(-5)*-5*1. Suppose k - b*x + 40 = 3*k, 2*x = 5*k - 71. List the prime factors of k.
3, 5
Suppose -3*m = -p - 10, -m + p + 6 = -2*p. Suppose -3*u = -f - 7, -2*u + 11 = u - 5*f. Suppose -u*k + 20 = m*k. List the prime factors of k.
2
Suppose s + 3*h - 20 = -2*h, 0 = -s - h + 8. Suppose -9 = -3*x + q, q + s = -3*x + 5*x. Suppose 5 = x*m - 3. List the prime factors of m.
2
Let r = -3 - -28. What are the prime factors of r?
5
Let o(y) be the second derivative of -1/3*y**3 + y - 1/12*y**4 + 1/20*y**5 + 0 - 1/2*y**2. What are the prime factors of o(3)?
11
Let f(z) = 3*z - 9. Let q be f(4). Suppose -q*c - 5*h + 3 = 10, 0 = 4*h + 20. What are the prime factors of c?
2, 3
Suppose -5*z - 2*t - 107 = 0, -t + 101 = -5*z + 3*t. Let k = -15 - z. What are the prime factors of k?
2, 3
Let s be (-269)/(-3) + 8/(-12). Suppose 4*o - s + 5 = 0. What are the prime factors of o?
3, 7
Let j = 120 - 51. What are the prime factors of j?
3, 23
Suppose 6*c - 4*s - 1 = 3*c, 4*c + 2*s - 16 = 0. Suppose c*n - 13 + 1 = -3*y, -y = -1. What are the prime factors of n?
3
Let r = -41 + 110. Suppose 3*q - r + 9 = 0. What are the prime factors of q?
2, 5
Suppose -3*i = -2*c + 7, -4*i = -5*c - 3*i - 15. List the prime factors of (-3)/4 - 103/c.
5
Let a(x) = 161*x - 1. Let c be a(1). Suppose -8*l + 4*l - c = 0. What are the prime factors of (-6)/(-4)*l/(-12)?
5
Suppose 5*i - 138 = 82. List the prime factors of i.
2, 11
Suppose 28*q = 24*q + 548. What are the prime factors of q?
137
Let d(w) = 3*w - 4. Let p be d(3). Suppose p*s - 6 - 79 = 0. What are the prime factors of s?
17
Suppose -86 = 4*o + 2*s, -5*o + 3*s - 80 = 44. Let p be (6/(-4))/(3/12). Let n = p - o. What are the prime factors of n?
17
Suppose -216 = -5*y + 2*h, -4*h + 2*h = -2*y + 84. List the prime factors of y.
2, 11
Suppose -17*u + 1404 = -4*u. List the prime factors of u.
2, 3
Let r(h) = -3*h - 8 + 5*h + h**2 - 4*h. List the prime factors of r(7).
3
Suppose 8 = -q + 20. Let s be 4/3*6/4. Let b = q - s. List the prime factors of b.
2, 5
Suppose m = -2*t + 8, 4*t + 17 = 1. What are the prime factors of m?
2
Let d be (-22)/(-6) - (-12)/(-18). Let r(z) = -9*z**3 - 7*z - 3*z**2 + 2*z**2 + 9*z**2 + 8*z**d + 2. List the prime factors of r(7).
2
Suppose -j - 30 + 104 = 0. What are the prime factors of j?
2, 37
Let i = 50 - 88. Let d = 54 + i. List the prime factors of d.
2
Suppose 4*q = -20, 49 + 68 = 4*v - q. List the prime factors of v.
2, 7
List the prime factors of (8/6)/(7/42).
2
Let f(p) = 77*p**3 - p. List the prime factors of f(1).
2, 19
Let o(q) = 2*q**3 + q**2 - q. Let t be o(-2). Let x = t - -28. What are the prime factors of x?
2, 3
Let t be (-6 - -6) + (5 - 0). Suppose -t*w - 3*b = -62, -3*w + 3*b + 2 = -16. List the prime factors of w.
2, 5
Suppose -i - i - 4*j = -2, 5*i - j = 27. Suppose 3*y - y + 4 = 0, 4*z = i*y + 30. List the prime factors of z.
5
Suppose 2*v = 3*v - 2. Let q(u) = u + 2*u**v - 4 + 4. List the prime factors of q(2).
2, 5
Let u = 12 + -9. Suppose -3*